{"id":341,"date":"2019-02-24T17:50:30","date_gmt":"2019-02-24T16:50:30","guid":{"rendered":"http:\/\/www.anffaspotenzapicena.it\/?page_id=341"},"modified":"2019-02-26T07:27:14","modified_gmt":"2019-02-26T06:27:14","slug":"capacity","status":"publish","type":"page","link":"https:\/\/www.anffaspotenzapicena.it\/index.php\/capacity\/","title":{"rendered":"Capacity: la legge \u00e8 eguale per tutti"},"content":{"rendered":"\n<p style=\"text-align:center\">Luned\u00ec 18 febbraio una rappresentanza dell&#8217;Anffas di Potenza Picena ha preso parte all&#8217;evento conclusivo del progetto di ricerca &#8220;<strong>Capacity: la legge \u00e8 eguale per tutti. Modelli e strumenti innovativi di sostegni per la presa di decisioni e per la piena inclusione sociale delle persone con disabilit\u00e0 intellettive e del neurosviluppo<\/strong>&#8220;.<\/p>\n\n\n\n<p style=\"text-align:center\" class=\"has-small-font-size\">Progetto realizzato con contributo finanziario concesso dal Ministero del Lavoro e delle Politiche Sociali per l&#8217;annualit\u00e0 2016 a valere sul Fondo per l&#8217;Associazionismo di cui alla legge n. 383 del 2000.<\/p>\n\n\n\n<p style=\"text-align:center\">Due persone con disabilit\u00e0 che frequentano la nostra associazione, infatti, (G. e D.) erano tra le 40 persone coinvolte in tutta Italia per l&#8217;attivazione della sperimentazione, insieme alla nostra operatrice Francesca Gallucci, che per questo progetto ha vestito i panni di Referente Territoriale.<\/p>\n\n\n\n<p style=\"text-align:center\">&lt;&lt;Il progetto ha riguardato la sperimentazione di pratiche promettenti relative al sostegno al processo decisionale.&gt;&gt;, dice Francesca Gallucci. &lt;&lt;E&#8217; stato un percorso impegnativo ma anche estremamente entusiasmante: per la prima volta si \u00e8 data voce e concretezza alla tematica dell&#8217;autodeterminazione, cos\u00ec centrale nella vita di ciascuna persona, con disabilit\u00e0 e non.&gt;&gt;<\/p>\n\n\n\n<p style=\"text-align:center\">Al termine del progetto si colloca questa giornata di met\u00e0 febbraio, trascorsa tra amici nuovi e vecchi. <\/p>\n\n\n\n<p style=\"text-align:center\">&lt;&lt;La cosa che mi \u00e8 piaciuta di pi\u00f9 \u00e8 stata conoscere altre persone con disabilit\u00e0. Mi sono piaciute molto le testimonianze delle persone che, come me, hanno partecipato al progetto. <\/p>\n\n\n\n<p style=\"text-align:center\">Ho riascoltato le mie parole, lette davanti a tutte quelle persone, e mi sono emozionata molto perch\u00e9 erano parole che parlavano di me e del mio mondo.&gt;&gt; (G.)<\/p>\n\n\n\n<p style=\"text-align:center\">&lt;&lt;Mi sono piaciuti molto i racconti dei ragazzi, e mi \u00e8 piaciuto conoscere persone da tutta Italia. Lo rifarei volentieri!&gt;&gt; (D.)<\/p>\n\n\n\n<p style=\"text-align:center\" class=\"has-small-font-size\">Per maggiori informazioni: http:\/\/www.anffas.net\/it\/progetti-e-campagne\/capacity-la-legge-e-eguale-per-tutti\/<\/p>\n\n\n\n<p style=\"text-align:center\">Ecco a voi le parole dei protagonisti!<\/p>\n\n\n\n<figure class=\"wp-block-embed-youtube aligncenter wp-block-embed is-type-video is-provider-youtube wp-embed-aspect-16-9 wp-has-aspect-ratio\"><div class=\"wp-block-embed__wrapper\">\n<iframe loading=\"lazy\" width=\"1170\" height=\"658\" src=\"https:\/\/www.youtube.com\/embed\/MClgr0huU3k?feature=oembed\" frameborder=\"0\" allow=\"accelerometer; autoplay; encrypted-media; gyroscope; picture-in-picture\" allowfullscreen><\/iframe>\n<\/div><\/figure>\n","protected":false},"excerpt":{"rendered":"<p>Luned\u00ec 18 febbraio una rappresentanza dell&#8217;Anffas di Potenza Picena ha preso parte all&#8217;evento conclusivo del progetto di ricerca &#8220;Capacity: la legge \u00e8 eguale per tutti. Modelli e strumenti innovativi di sostegni per la presa di decisioni e per la piena inclusione sociale delle persone con disabilit\u00e0 intellettive e del neurosviluppo&#8220;. Progetto realizzato con contributo finanziario&hellip;<\/p>\n","protected":false},"author":1,"featured_media":343,"parent":0,"menu_order":0,"comment_status":"closed","ping_status":"closed","template":"","meta":{"footnotes":""},"class_list":["post-341","page","type-page","status-publish","has-post-thumbnail","hentry"],"_links":{"self":[{"href":"https:\/\/www.anffaspotenzapicena.it\/index.php\/wp-json\/wp\/v2\/pages\/341","targetHints":{"allow":["GET"]}}],"collection":[{"href":"https:\/\/www.anffaspotenzapicena.it\/index.php\/wp-json\/wp\/v2\/pages"}],"about":[{"href":"https:\/\/www.anffaspotenzapicena.it\/index.php\/wp-json\/wp\/v2\/types\/page"}],"author":[{"embeddable":true,"href":"https:\/\/www.anffaspotenzapicena.it\/index.php\/wp-json\/wp\/v2\/users\/1"}],"replies":[{"embeddable":true,"href":"https:\/\/www.anffaspotenzapicena.it\/index.php\/wp-json\/wp\/v2\/comments?post=341"}],"version-history":[{"count":10,"href":"https:\/\/www.anffaspotenzapicena.it\/index.php\/wp-json\/wp\/v2\/pages\/341\/revisions"}],"predecessor-version":[{"id":445,"href":"https:\/\/www.anffaspotenzapicena.it\/index.php\/wp-json\/wp\/v2\/pages\/341\/revisions\/445"}],"wp:featuredmedia":[{"embeddable":true,"href":"https:\/\/www.anffaspotenzapicena.it\/index.php\/wp-json\/wp\/v2\/media\/343"}],"wp:attachment":[{"href":"https:\/\/www.anffaspotenzapicena.it\/index.php\/wp-json\/wp\/v2\/media?parent=341"}],"curies":[{"name":"wp","href":"https:\/\/api.w.org\/{rel}","templated":true}]}}