{"id":170,"date":"2018-01-24T15:02:20","date_gmt":"2018-01-24T14:02:20","guid":{"rendered":"http:\/\/www.anffaspotenzapicena.it\/?page_id=170"},"modified":"2019-03-13T16:18:41","modified_gmt":"2019-03-13T15:18:41","slug":"musica","status":"publish","type":"page","link":"http:\/\/www.anffaspotenzapicena.it\/index.php\/musica\/","title":{"rendered":"Musica"},"content":{"rendered":"<p style=\"text-align: center;\">La musica \u00e8 un linguaggio molto potente; attraverso essa \u00e8 possibile attirare l&#8217;attenzione, anche laddove \u00e8 molto difficile, e stimolare risposte motorie, nonch\u00e9 come mezzo di comunicazione non verbale.<\/p>\n<p style=\"text-align: center;\">L&#8217;attivit\u00e0 laboratoriale di musica ci permette, pertanto, di raggiungere obiettivi nell&#8217;area espressiva difficilmente raggiungibili con altri tipi di interventi.<\/p>\n\n\n<ul class=\"wp-block-gallery columns-1 is-cropped wp-block-gallery-1 is-layout-flex wp-block-gallery-is-layout-flex\"><li class=\"blocks-gallery-item\"><figure><img loading=\"lazy\" decoding=\"async\" width=\"1024\" height=\"683\" src=\"http:\/\/www.anffaspotenzapicena.it\/wp-content\/uploads\/2018\/01\/IMG_4952-1024x683.jpg\" alt=\"\" data-id=\"171\" data-link=\"http:\/\/www.anffaspotenzapicena.it\/?attachment_id=171\" class=\"wp-image-171\" srcset=\"http:\/\/www.anffaspotenzapicena.it\/wp-content\/uploads\/2018\/01\/IMG_4952-1024x683.jpg 1024w, http:\/\/www.anffaspotenzapicena.it\/wp-content\/uploads\/2018\/01\/IMG_4952-300x200.jpg 300w, http:\/\/www.anffaspotenzapicena.it\/wp-content\/uploads\/2018\/01\/IMG_4952-768x512.jpg 768w\" sizes=\"auto, (max-width: 1024px) 100vw, 1024px\" \/><\/figure><\/li><\/ul>\n","protected":false},"excerpt":{"rendered":"<p>La musica \u00e8 un linguaggio molto potente; attraverso essa \u00e8 possibile attirare l&#8217;attenzione, anche laddove \u00e8 molto difficile, e stimolare risposte motorie, nonch\u00e9 come mezzo di comunicazione non verbale. L&#8217;attivit\u00e0 laboratoriale di musica ci permette, pertanto, di raggiungere obiettivi nell&#8217;area espressiva difficilmente raggiungibili con altri tipi di interventi.<\/p>\n","protected":false},"author":1,"featured_media":0,"parent":0,"menu_order":0,"comment_status":"closed","ping_status":"closed","template":"","meta":{"footnotes":""},"class_list":["post-170","page","type-page","status-publish","hentry"],"_links":{"self":[{"href":"http:\/\/www.anffaspotenzapicena.it\/index.php\/wp-json\/wp\/v2\/pages\/170","targetHints":{"allow":["GET"]}}],"collection":[{"href":"http:\/\/www.anffaspotenzapicena.it\/index.php\/wp-json\/wp\/v2\/pages"}],"about":[{"href":"http:\/\/www.anffaspotenzapicena.it\/index.php\/wp-json\/wp\/v2\/types\/page"}],"author":[{"embeddable":true,"href":"http:\/\/www.anffaspotenzapicena.it\/index.php\/wp-json\/wp\/v2\/users\/1"}],"replies":[{"embeddable":true,"href":"http:\/\/www.anffaspotenzapicena.it\/index.php\/wp-json\/wp\/v2\/comments?post=170"}],"version-history":[{"count":4,"href":"http:\/\/www.anffaspotenzapicena.it\/index.php\/wp-json\/wp\/v2\/pages\/170\/revisions"}],"predecessor-version":[{"id":477,"href":"http:\/\/www.anffaspotenzapicena.it\/index.php\/wp-json\/wp\/v2\/pages\/170\/revisions\/477"}],"wp:attachment":[{"href":"http:\/\/www.anffaspotenzapicena.it\/index.php\/wp-json\/wp\/v2\/media?parent=170"}],"curies":[{"name":"wp","href":"https:\/\/api.w.org\/{rel}","templated":true}]}}